f -68 - -124 - 56 - (1 + -14)?
13
(-33 - -4) + 7 - (-277 - -301)
-46
(60 + 52 - -26) + -56
82
What is -1 + 6 - 8 - (-21 + -18 + 20 + 86)?
-70
Calculate -12 + (-13 - 21 - -3) + (19 - 2).
-26
What is the value of -77 - (-2980 + 2981 - (23 + 1))?
-54
Calculate 62 + (-6 - (-4 + 13)) + 6 + 2.
55
Calculate -94 + (-1 - (3 + -2)) + -365 + 82 + 273.
-106
Calculate -12 - -2 - (82 - 44 - (-13 - (-4 + -1))).
-56
What is the value of 2566 - 2540 - (2 - -24)?
0
-1526 + 1474 - (-5 + 36)
-83
Calculate -66 - (-38 + 23 + (6 - -1) - (4 + -5)).
-59
What is -15 + (37 + -23 + 2 + 0 - 2)?
-1
What is -74 + 52 - (67 + -52)?
-37
(23 + -59 - -68 - 68) + 34
-2
(13 - -3 - (11 + -26 + 22)) + -125
-116
What is the value of (0 - -7) + (-16 + -57 - -79)?
13
3 - 57 - (-13 + -14)
-27
19 + (-13 - 41) + (-6 - -14)
-27
Evaluate (-44 - 6 - -62) + 8.
20
Calculate -168 - (207 + -76 - 217).
-82
What is (6 - 11) + 7 + (-32 - -22)?
-8
Evaluate -6 - (1 + 0 + 4 + -20) - (-1 - -38).
-28
7 + -2 + (44 - 42)
7
What is (0 - (2 - 1)) + 35 + (-26 - (-7 - -8))?
7
What is (-4 - -28) + 5 - (490 + -496)?
35
12 - ((3 - (5 - -3)) + -12)
29
What is the value of (4 - (3 - (-4 + 14))) + (-51 - -5)?
-35
Calculate -204 - -199 - ((-3 - -1) + (57 - 5)).
-55
What is 12 + (12 - 22) + (4 - (2 + -7) - 6)?
5
(1 - -1 - (300 + -243)) + (8 - 5 - 5)
-57
Calculate (-10 - 4) + (25 - (-15 + 15)).
11
(77 - 16 - 35 - -47) + 25
98
What is -8 + (-2 - -2) + (-11 - (-31 - -32))?
-20
What is (-2 - -78) + -1644 + 1621?
53
What is the value of (-1 - -6 - (-38 - -49)) + 75?
69
What is the value of (1 - (-3 - -3)) + (45 - (33 + -5))?
18
0 - -33 - (22 - (7 - (4 - 33)))
47
What is 20 - (12 + (5 - 13 - (22 - 27)) + -11)?
22
What is 645 - 635 - (-9 - 8)?
27
-88 + -33 - -146 - (0 + -71)
96
Calculate (35 - -18 - 25) + -24 - (-55 + 2).
57
What is -9 + 3 + 3 + 3 + (-888 - -890)?
2
What is -21 + (-1 - 0) - (-7409 - -7433)?
-46
What is the value of (-46 - (-49 - -21) - -36) + -19?
-1
Evaluate 18 + -1 + 264 + -270 - 22.
-11
What is (-35 - (33 + -63)) + 5 + -17?
-17
Calculate (-149 - -52) + 43 - 42.
-96
-1 - ((16 - 17) + -5 - -15) - (-1 - -15)
-24
Evaluate -28 + -27 + (0 - -1) + 11.
-43
What is the value of (4 + (-5 - -5) - 15) + (173 - 157)?
5
105 - (-109 - -75) - 137
2
Calculate (-2 - 4) + 0 - (-88 + (12 - 14 - 2)).
86
What is -13 + 13 + -7 - -2 - (3 + (56 - -13))?
-77
(-168 - 0) + (7943 - 7864)
-89
6 + 19 + ((1 - 19) + 9 - (-16 - -7))
25
-11 + 4 - (-6 + -4) - (49 + -3)
-43
What is the value of 33 - 42 - (8 + 6 + 9)?
-32
Calculate -4 - 15 - ((-62 - -53) + -15 + 5).
0
Calculate (205 - 171) + ((3 - 2) + 4 - (9 - -3)).
27
Evaluate -18 + -12 - -38 - 13 - 18.
-23
What is (130 - (19 + 149)) + (-8 - 2)?
-48
Evaluate 11 + (7 - (-30 + 54 - -19)).
-25
Calculate -44 + 26 + (-5 - (-2 + 2) - (-8 - 5)).
-10
What is the value of 168 - -13 - 127 - (3 - 0)?
51
Evaluate 12 + -74 + 14 + -5 + -9.
-62
What is 1 + -118 - (31 + 7 + -71 + 14 + 24)?
-122
Calculate -31 - (-11 - ((1 - 9) + (19 - 17))).
-26
Calculate 1147 - 1183 - (1 + -143).
106
What is the value of (24 - (-66 + 68)) + (-5 - 1)?
16
What is the value of -9 + 0 + (51 - 45) + 79 - (-3 - 6)?
85
What is the value of -86 + 164 - 62 - (-1 + -8)?
25
Evaluate (-10 - (28 - 25)) + 56 + 3 - 13.
33
Evaluate (47 - (-30 + 70 - 37)) + 6.
50
27 + (-33 + 36 - -2) + 33
65
What is the value of 4 + (-5 - (12 + -19 + 2 + -2)) - 17?
-11
What is (-39 - 10) + 3 + (38 - 22)?
-30
Evaluate (-29 - -48 - 22) + (-9 - (1 - 44)).
31
-1 + -62 + (-7 - -23) + -1 + (-4 - 14)
-66
Evaluate 10 + -37 + (7 - -50).
30
What is the value of (-1 + 3 - -9) + 1928 + -1898?
41
Calculate (-4 - -4) + (-56 - -28) + -4.
-32
What is the value of (-4 + 23 - 1) + (-39 - (23 + 36))?
-80
-16 + -73 + 27 + 47
-15
Evaluate -68 + (114 - 117) + 22 + 5.
-44
46 - (126 + -24 + -16)
-40
What is -4 - (81 - 77 - (-4 - (-2 - 22))) - 2?
10
Calculate 6 + (-5 - (-23 + 12)) + 1.
13
What is the value of 16 - (17 - (-39 - -21))?
-19
What is -43 + 30 + (-39 - -22)?
-30
What is the value of -109 - (-89 + 70 + -87)?
-3
What is 8 + (12 - 3) + (-13 - -37)?
41
(23 + 36 - 15) + -193 - -11
-138
What is the value of 36 - (-4 - (-6 - (-29 - -43)))?
20
3 + 14 - (-45 - -48)
14
What is the value of (10 - (1 - 1)) + (-51 + 2 - (-585 - -575))?
-29
80 - (-105 + 43 + 94)
48
What is the value of ((8 - 14) + 6 - 6) + 3 - 30?
-33
What is (-63 - 58) + (8 - -86)?
-27
What is the value of -94 + 7 + -21 + 113?
5
What is (137 - 311) + 174 - (0 - 23)?
23
Evaluate (-10 - -7) + (4 - 8 - -51) - 2.
42
What is the value of 3 - (-5 - -18) - (29 - (82 + -21))?
22
Evaluate -12 + (-30 - -38) + (63 - (0 + -1)).
60
Evaluate (-9 - (-66 + 17) - 4) + 11.
47
What is (-1 - (-13 - -1)) + (133 - 92) + -36?
16
What is -21 - 73 - (-116 - 1)?
23
Calculate 4 - (-64 + -5) - 29 - 21.
23
What is the value of (-23 - -43) + 2 + -19 + -11?
-8
What is 4 + 0 + -4 - (-21 - 8) - (-19 + 28)?
20
What is (-22 - (-50 - (-67 - -41))) + (1 - 48)?
-45
Evaluate 23 - (1 - 1) - (-1765 + 1805).
-17
Evaluate -15 - (8 - (-8 - 2 - -22 - -82)).
71
111 + -24 + -88 + (115 - 12 - (2 + 1))
99
What is the value of 42 - 44 - (3 + -1 + 64 + 6)?
-74
What is the value of 523 - 564 - (14 - 16 - (-8 + 0))?
-47
What is 15 + (12 + -17 - 20) + -1 + -2?
-13
Calculate -64 - -44 - -1 - -90.
71
Calculate 2 + -7 - (-4 + 11 + -12 + -1 - -3).
-2
(61 - 73) + -1 - (0 + -68)
55
What is the value of (6 + -3 - 1) + (147 - 81) - 3?
65
Evaluate -35 - (-147 - (-95 + 37)).
54
What is the value of (2 - 6 - (1 - 12)) + -27 + 36 + 2?
18
What is (-14 - 3) + (1 - 9 - -4) + -81 + 96?
-6
Calculate -56 + (15 - 18) + 1.
-58
15 + (126 - 56 - 46)
39
Evaluate 23 + 27 - 57 - 5.
-12
Calculate 8 + -34 + 62 + 10.
46
Calculate (13 - 26) + -27 - (-33 + 56).
-63
What is the value of -15 - 3 - (38 - (66 + -32))?
-22
Evaluate -71 + -2 - (-4485 - -4467).
-55
What is the value of (-83 - (-31 - -34)) + 87?
1
Calculate (-9 - 1) + -41 + 29 - (-22 - -18).
-18
-473 + 498 - (7 + -97)
115
Evaluate 5 + -11 + (0 - -81) + 21 + (8 - 27).
77
Calculate 880 - 887 - (-3 + 0 - (14 - (-1 + 1))).
10
What is -50 + 1 - (-2 - 36)?
-11
What is the value of -45 - (34 + -45 + -33)?
-1
Calculate (-67 + 43 - -7) + -2 + -6.
-25
Evaluate -30 + (51 - 36) - -17.
2
(0 + -7 - -4) + 11 + 4 - 67
-55
What is the value of -24 + 82 + -37 + 2?
23
Evaluate -22 - (-22 + -8 + 2) - (-1 - 2).
9
Evaluate -31 + (-7 + 0 - -17) + 8 + -3.
-16
Calculate -44 + 87 + -20 - (-3 + 38).
-12
Calculate -34 + 80 + -40 - (-4 + 82).
-72
Evaluate -139 + 129 + (5 - (4 + -4)) + 76.
71
Evaluate 23 + -223 + (72 - -7).
-121
0 - (14 - (-1 + -7 + 12) - -58)
-68
-1 - (6 - -7) - (24 - 17 - 42)
21
Evaluate (-11 + -15 - -16) + 2 + -25 + 6.
-27
What is 49 + -22 - -7 - 21?
13
What is the value of 10 - (-44 + 50) - (-15 + -8)?
27
What is -5 - -17 - (-25 + 43) - (-17 - 0)?
11
What is the value of 45 - 2 - (36 - (-2 + 27) - (10 - 1))?
41
What is the value of (-34 - -129) + (-8 - 3) + 40 + -54?
70
What is the value of (-1 + -52 - (646 - 676)) + -52?
-75
-2 - -12 - (-15 + (-18 + 19 - -16)) - 42
-34
What is the value of 70 + -74 + -23 + -41?
-68
What is the value of 43 - (3 + (13 - (21 - 9)))?
39
-136 - -101 - (-11 - 15)
-9
Evaluate (-158 + 21 - -190) + -51.
2
Evaluate (-6558 - -6656) + 1 + -108.
-9
Calculate (-72 - (52 + -48)) + 59.
-17
Calculate -3 + 17 + (-12 - -2) + -9.
-5
What is the value of (14 - 9) + 47 + 15 + -21?
46
Evaluate 82 + -1 - (-6 - 47 - -70).
64
What is (-9 + 4 - -2) + (-10 - -7) + (5 - 6)?
-7
-5 - 0 - (279 + -161 + -49)
-74
-2 - -3 - (12 - (25 + 18))
32
Evaluate 145 - (99 + -15) - 22.
39
Calculate -169 - (-130 - 26) - (-6 + 2).
-9
What is the value of (19 - 29) + -5 + -4 + 66 + -2?
45
Evaluate (50 - -27) + -3 + 1 + 0 + (26 - 34).
67
-74 - (-12 - (-6 + -1 + -2 + (-264 - -273)))
-62
What is the value of -48 - (0 + -6) - (-4 + -12 + 4)?
-30
Calculate 8 + (32 + -14 - 35) + 2 + 43.
36
What is the value of -47 + -48 - (-21 + (30 - 10))?
-94
What is (-45 + 39 - 65) + (2 - 7 - -1)?
-75
What is the value of -8 + (46 + -58 - (-4 + 5 + -43))?
22
Calculate (64 - (26 + -8)) + -91.
-45
What is the value of -6 + (-5 - -9) - -3 - (-224 - -134)?
91
(73 + -125 - -78) + -88
-62
What is the value of 18 - (22 - (-6 + -13) - 22)?
-1
Evaluate -78 + (-1 + 2 - (-8 + -27 - -32)).
-74
Evaluate (0 - 2 - (-330 + 318)) + -50.
-40
1 + 2 - (41 - (-12 - (-22 + 49)))
-77
Calculate 11 +